[INFO] cloning repository https://github.com/wbglaeser/library
[INFO] running `Command { std: "git" "-c" "credential.helper=" "-c" "credential.helper=/workspace/cargo-home/bin/git-credential-null" "clone" "--bare" "https://github.com/wbglaeser/library" "/workspace/cache/git-repos/https%3A%2F%2Fgithub.com%2Fwbglaeser%2Flibrary", kill_on_drop: false }`
[INFO] [stderr] Cloning into bare repository '/workspace/cache/git-repos/https%3A%2F%2Fgithub.com%2Fwbglaeser%2Flibrary'...
[INFO] running `Command { std: "git" "rev-parse" "HEAD", kill_on_drop: false }`
[INFO] [stdout] 3317073d83ab19dbaf7e1fb50f3ca7e945e11331
[INFO] checking wbglaeser/library against master#af3c6e733a40e671550e0f0f5aeecaa13772ba56 for pr-74989
[INFO] running `Command { std: "git" "clone" "/workspace/cache/git-repos/https%3A%2F%2Fgithub.com%2Fwbglaeser%2Flibrary" "/workspace/builds/worker-8/source", kill_on_drop: false }`
[INFO] [stderr] Cloning into '/workspace/builds/worker-8/source'...
[INFO] [stderr] done.
[INFO] validating manifest of git repo https://github.com/wbglaeser/library on toolchain af3c6e733a40e671550e0f0f5aeecaa13772ba56
[INFO] running `Command { std: "/workspace/cargo-home/bin/cargo" "+af3c6e733a40e671550e0f0f5aeecaa13772ba56" "read-manifest" "--manifest-path" "Cargo.toml", kill_on_drop: false }`
[INFO] started tweaking git repo https://github.com/wbglaeser/library
[INFO] finished tweaking git repo https://github.com/wbglaeser/library
[INFO] tweaked toml for git repo https://github.com/wbglaeser/library written to /workspace/builds/worker-8/source/Cargo.toml
[INFO] crate git repo https://github.com/wbglaeser/library already has a lockfile, it will not be regenerated
[INFO] running `Command { std: "/workspace/cargo-home/bin/cargo" "+af3c6e733a40e671550e0f0f5aeecaa13772ba56" "fetch" "--locked" "--manifest-path" "Cargo.toml", kill_on_drop: false }`
[INFO] running `Command { std: "docker" "create" "-v" "/var/lib/crater-agent-workspace/builds/worker-8/target:/opt/rustwide/target:rw,Z" "-v" "/var/lib/crater-agent-workspace/builds/worker-8/source:/opt/rustwide/workdir:ro,Z" "-v" "/var/lib/crater-agent-workspace/cargo-home:/opt/rustwide/cargo-home:ro,Z" "-v" "/var/lib/crater-agent-workspace/rustup-home:/opt/rustwide/rustup-home:ro,Z" "-e" "SOURCE_DIR=/opt/rustwide/workdir" "-e" "CARGO_TARGET_DIR=/opt/rustwide/target" "-e" "CARGO_HOME=/opt/rustwide/cargo-home" "-e" "RUSTUP_HOME=/opt/rustwide/rustup-home" "-w" "/opt/rustwide/workdir" "-m" "1610612736" "--user" "0:0" "--network" "none" "rustops/crates-build-env@sha256:d92eaeed33fa75130ca1ee6c8a01d1ffb62bac859dfdfb3450e3e5d1c0146529" "/opt/rustwide/cargo-home/bin/cargo" "+af3c6e733a40e671550e0f0f5aeecaa13772ba56" "metadata" "--no-deps" "--format-version=1", kill_on_drop: false }`
[INFO] [stdout] d46f2e6f7332a63dbc63356c990eef5270157755e7bbc824ddc05f8fcba89383
[INFO] [stderr] WARNING: Your kernel does not support swap limit capabilities or the cgroup is not mounted. Memory limited without swap.
[INFO] running `Command { std: "docker" "start" "-a" "d46f2e6f7332a63dbc63356c990eef5270157755e7bbc824ddc05f8fcba89383", kill_on_drop: false }`
[INFO] running `Command { std: "docker" "inspect" "d46f2e6f7332a63dbc63356c990eef5270157755e7bbc824ddc05f8fcba89383", kill_on_drop: false }`
[INFO] running `Command { std: "docker" "rm" "-f" "d46f2e6f7332a63dbc63356c990eef5270157755e7bbc824ddc05f8fcba89383", kill_on_drop: false }`
[INFO] [stdout] d46f2e6f7332a63dbc63356c990eef5270157755e7bbc824ddc05f8fcba89383
[INFO] running `Command { std: "docker" "create" "-v" "/var/lib/crater-agent-workspace/builds/worker-8/target:/opt/rustwide/target:rw,Z" "-v" "/var/lib/crater-agent-workspace/builds/worker-8/source:/opt/rustwide/workdir:ro,Z" "-v" "/var/lib/crater-agent-workspace/cargo-home:/opt/rustwide/cargo-home:ro,Z" "-v" "/var/lib/crater-agent-workspace/rustup-home:/opt/rustwide/rustup-home:ro,Z" "-e" "SOURCE_DIR=/opt/rustwide/workdir" "-e" "CARGO_TARGET_DIR=/opt/rustwide/target" "-e" "CARGO_INCREMENTAL=0" "-e" "RUST_BACKTRACE=full" "-e" "RUSTFLAGS=--cap-lints=forbid" "-e" "CARGO_HOME=/opt/rustwide/cargo-home" "-e" "RUSTUP_HOME=/opt/rustwide/rustup-home" "-w" "/opt/rustwide/workdir" "-m" "1610612736" "--user" "0:0" "--network" "none" "rustops/crates-build-env@sha256:d92eaeed33fa75130ca1ee6c8a01d1ffb62bac859dfdfb3450e3e5d1c0146529" "/opt/rustwide/cargo-home/bin/cargo" "+af3c6e733a40e671550e0f0f5aeecaa13772ba56" "check" "--frozen" "--all" "--all-targets" "--message-format=json", kill_on_drop: false }`
[INFO] [stdout] dadb4dfe64a3428ec9857496bcd2533307c310cb803a3db870de92385779ebb4
[INFO] [stderr] WARNING: Your kernel does not support swap limit capabilities or the cgroup is not mounted. Memory limited without swap.
[INFO] running `Command { std: "docker" "start" "-a" "dadb4dfe64a3428ec9857496bcd2533307c310cb803a3db870de92385779ebb4", kill_on_drop: false }`
[INFO] [stderr]    Compiling libc v0.2.50
[INFO] [stderr]    Compiling typenum v1.10.0
[INFO] [stderr]    Compiling byteorder v1.3.1
[INFO] [stderr]     Checking smallvec v0.6.9
[INFO] [stderr]     Checking constant_time_eq v0.1.3
[INFO] [stderr]     Checking matches v0.1.8
[INFO] [stderr]     Checking fake-simd v0.1.2
[INFO] [stderr]     Checking siphasher v0.2.3
[INFO] [stderr]     Checking cfg-if v0.1.7
[INFO] [stderr]     Checking fallible-iterator v0.1.6
[INFO] [stderr]     Checking hex v0.2.0
[INFO] [stderr]     Checking log v0.4.6
[INFO] [stderr]     Checking unicode-bidi v0.3.4
[INFO] [stderr]     Checking phf_shared v0.7.24
[INFO] [stderr]     Checking phf v0.7.24
[INFO] [stderr]     Checking unicode-normalization v0.1.8
[INFO] [stderr]     Checking base64 v0.6.0
[INFO] [stderr]     Checking iovec v0.1.2
[INFO] [stderr]     Checking rand v0.4.6
[INFO] [stderr]     Checking memchr v1.0.2
[INFO] [stderr]     Checking socket2 v0.3.8
[INFO] [stderr]     Checking bytes v0.4.12
[INFO] [stderr]     Checking generic-array v0.9.0
[INFO] [stderr]     Checking rand v0.3.23
[INFO] [stderr]     Checking digest v0.7.6
[INFO] [stderr]     Checking crypto-mac v0.5.2
[INFO] [stderr]     Checking stringprep v0.1.2
[INFO] [stderr]     Checking sha2 v0.7.1
[INFO] [stderr]     Checking hmac v0.5.0
[INFO] [stderr]     Checking postgres-protocol v0.3.2
[INFO] [stderr]     Checking postgres-shared v0.4.2
[INFO] [stderr]     Checking postgres v0.15.2
[INFO] [stderr]     Checking library v0.1.0 (/opt/rustwide/workdir)
[INFO] [stdout] error[E0583]: file not found for module `entry_add`
[INFO] [stdout]  --> src/bin/entry_management.rs:1:1
[INFO] [stdout]   |
[INFO] [stdout] 1 | pub mod entry_add;
[INFO] [stdout]   | ^^^^^^^^^^^^^^^^^^
[INFO] [stdout]   |
[INFO] [stdout]   = help: to create the module `entry_add`, create file "src/bin/entry_add.rs"
[INFO] [stdout] 
[INFO] [stdout] 
[INFO] [stdout] error: aborting due to previous error
[INFO] [stdout] 
[INFO] [stdout] 
[INFO] [stdout] For more information about this error, try `rustc --explain E0583`.
[INFO] [stdout] 
[INFO] [stdout] error[E0583]: file not found for module `entry_add`
[INFO] [stdout]  --> src/bin/entry_management.rs:1:1
[INFO] [stdout]   |
[INFO] [stdout] 1 | pub mod entry_add;
[INFO] [stdout]   | ^^^^^^^^^^^^^^^^^^
[INFO] [stdout]   |
[INFO] [stdout]   = help: to create the module `entry_add`, create file "src/bin/entry_add.rs"
[INFO] [stdout] 
[INFO] [stdout] 
[INFO] [stdout] error[E0583]: file not found for module `dbpsql`
[INFO] [stdout]  --> src/bin/db_setup.rs:1:1
[INFO] [stdout]   |
[INFO] [stdout] 1 | pub mod dbpsql;
[INFO] [stdout]   | ^^^^^^^^^^^^^^^
[INFO] [stdout]   |
[INFO] [stdout]   = help: to create the module `dbpsql`, create file "src/bin/dbpsql.rs"
[INFO] [stdout] 
[INFO] [stdout] 
[INFO] [stderr] error: could not compile `library`.
[INFO] [stderr] 
[INFO] [stderr] To learn more, run the command again with --verbose.
[INFO] [stderr] warning: build failed, waiting for other jobs to finish...
[INFO] [stdout] error[E0601]: `main` function not found in crate `entry_management`
[INFO] [stdout]  --> src/bin/entry_management.rs:1:1
[INFO] [stdout]   |
[INFO] [stdout] 1 | pub mod entry_add;
[INFO] [stdout]   | ^^^^^^^^^^^^^^^^^^ consider adding a `main` function to `src/bin/entry_management.rs`
[INFO] [stdout] 
[INFO] [stdout] 
[INFO] [stdout] error: aborting due to 2 previous errors
[INFO] [stdout] 
[INFO] [stdout] 
[INFO] [stdout] Some errors have detailed explanations: E0583, E0601.
[INFO] [stdout] 
[INFO] [stdout] For more information about an error, try `rustc --explain E0583`.
[INFO] [stdout] 
[INFO] [stdout] error: aborting due to previous error
[INFO] [stdout] 
[INFO] [stdout] 
[INFO] [stdout] For more information about this error, try `rustc --explain E0583`.
[INFO] [stdout] 
[INFO] [stdout] error[E0583]: file not found for module `dbpsql`
[INFO] [stdout]  --> src/bin/db_setup.rs:1:1
[INFO] [stdout]   |
[INFO] [stdout] 1 | pub mod dbpsql;
[INFO] [stdout]   | ^^^^^^^^^^^^^^^
[INFO] [stdout]   |
[INFO] [stdout]   = help: to create the module `dbpsql`, create file "src/bin/dbpsql.rs"
[INFO] [stdout] 
[INFO] [stdout] 
[INFO] [stdout] warning: unused import: `std::io`
[INFO] [stdout]  --> src/bin/main.rs:3:5
[INFO] [stdout]   |
[INFO] [stdout] 3 | use std::io;
[INFO] [stdout]   |     ^^^^^^^
[INFO] [stdout]   |
[INFO] [stdout]   = note: `#[warn(unused_imports)]` on by default
[INFO] [stdout] 
[INFO] [stdout] 
[INFO] [stdout] warning: unused variable: `error`
[INFO] [stdout]   --> src/bin/db_setup/dbpsql.rs:15:13
[INFO] [stdout]    |
[INFO] [stdout] 15 |         Err(error) => {
[INFO] [stdout]    |             ^^^^^ help: if this is intentional, prefix it with an underscore: `_error`
[INFO] [stdout]    |
[INFO] [stdout]    = note: `#[warn(unused_variables)]` on by default
[INFO] [stdout] 
[INFO] [stdout] 
[INFO] [stdout] warning: unused variable: `error`
[INFO] [stdout]   --> src/bin/db_setup/dbpsql.rs:26:13
[INFO] [stdout]    |
[INFO] [stdout] 26 |         Err(error) => {
[INFO] [stdout]    |             ^^^^^ help: if this is intentional, prefix it with an underscore: `_error`
[INFO] [stdout] 
[INFO] [stdout] 
[INFO] [stdout] warning: struct is never constructed: `Publication`
[INFO] [stdout]  --> src/bin/db_setup/dbpsql.rs:4:8
[INFO] [stdout]   |
[INFO] [stdout] 4 | struct Publication {
[INFO] [stdout]   |        ^^^^^^^^^^^
[INFO] [stdout]   |
[INFO] [stdout]   = note: `#[warn(dead_code)]` on by default
[INFO] [stdout] 
[INFO] [stdout] 
[INFO] [stdout] warning: field is never read: `id`
[INFO] [stdout]  --> src/bin/entry_management/entry_add.rs:5:5
[INFO] [stdout]   |
[INFO] [stdout] 5 |     id: i32,
[INFO] [stdout]   |     ^^^^^^^
[INFO] [stdout] 
[INFO] [stdout] 
[INFO] [stdout] error[E0601]: `main` function not found in crate `db_setup`
[INFO] [stdout]  --> src/bin/db_setup.rs:1:1
[INFO] [stdout]   |
[INFO] [stdout] 1 | pub mod dbpsql;
[INFO] [stdout]   | ^^^^^^^^^^^^^^^ consider adding a `main` function to `src/bin/db_setup.rs`
[INFO] [stdout] 
[INFO] [stdout] 
[INFO] [stdout] error: aborting due to 2 previous errors
[INFO] [stdout] 
[INFO] [stdout] 
[INFO] [stdout] Some errors have detailed explanations: E0583, E0601.
[INFO] [stdout] 
[INFO] [stdout] For more information about an error, try `rustc --explain E0583`.
[INFO] [stdout] 
[INFO] [stdout] warning: 5 warnings emitted
[INFO] [stdout] 
[INFO] [stdout] 
[INFO] [stdout] warning: unused import: `std::io`
[INFO] [stdout]  --> src/bin/main.rs:3:5
[INFO] [stdout]   |
[INFO] [stdout] 3 | use std::io;
[INFO] [stdout]   |     ^^^^^^^
[INFO] [stdout]   |
[INFO] [stdout]   = note: `#[warn(unused_imports)]` on by default
[INFO] [stdout] 
[INFO] [stdout] 
[INFO] [stdout] warning: unused variable: `error`
[INFO] [stdout]   --> src/bin/db_setup/dbpsql.rs:15:13
[INFO] [stdout]    |
[INFO] [stdout] 15 |         Err(error) => {
[INFO] [stdout]    |             ^^^^^ help: if this is intentional, prefix it with an underscore: `_error`
[INFO] [stdout]    |
[INFO] [stdout]    = note: `#[warn(unused_variables)]` on by default
[INFO] [stdout] 
[INFO] [stdout] 
[INFO] [stdout] warning: unused variable: `error`
[INFO] [stdout]   --> src/bin/db_setup/dbpsql.rs:26:13
[INFO] [stdout]    |
[INFO] [stdout] 26 |         Err(error) => {
[INFO] [stdout]    |             ^^^^^ help: if this is intentional, prefix it with an underscore: `_error`
[INFO] [stdout] 
[INFO] [stdout] 
[INFO] [stdout] warning: struct is never constructed: `Publication`
[INFO] [stdout]  --> src/bin/db_setup/dbpsql.rs:4:8
[INFO] [stdout]   |
[INFO] [stdout] 4 | struct Publication {
[INFO] [stdout]   |        ^^^^^^^^^^^
[INFO] [stdout]   |
[INFO] [stdout]   = note: `#[warn(dead_code)]` on by default
[INFO] [stdout] 
[INFO] [stdout] 
[INFO] [stdout] warning: field is never read: `id`
[INFO] [stdout]  --> src/bin/entry_management/entry_add.rs:5:5
[INFO] [stdout]   |
[INFO] [stdout] 5 |     id: i32,
[INFO] [stdout]   |     ^^^^^^^
[INFO] [stdout] 
[INFO] [stdout] 
[INFO] [stdout] warning: 5 warnings emitted
[INFO] [stdout] 
[INFO] [stdout] 
[INFO] [stderr] error: build failed
[INFO] running `Command { std: "docker" "inspect" "dadb4dfe64a3428ec9857496bcd2533307c310cb803a3db870de92385779ebb4", kill_on_drop: false }`
[INFO] running `Command { std: "docker" "rm" "-f" "dadb4dfe64a3428ec9857496bcd2533307c310cb803a3db870de92385779ebb4", kill_on_drop: false }`
[INFO] [stdout] dadb4dfe64a3428ec9857496bcd2533307c310cb803a3db870de92385779ebb4
